culate the remainder when 903715 is divided by 103.
96
What is the remainder when 19285 is divided by 38?
19
Calculate the remainder when 4502 is divided by 4446.
56
Calculate the remainder when 1050420 is divided by 262602.
12
Calculate the remainder when 463055 is divided by 17.
9
What is the remainder when 246694 is divided by 160?
134
What is the remainder when 6506 is divided by 342?
8
Calculate the remainder when 13412 is divided by 102.
50
What is the remainder when 13940 is divided by 32?
20
What is the remainder when 1202331 is divided by 52?
39
Calculate the remainder when 829061 is divided by 248.
245
Calculate the remainder when 68287 is divided by 57.
1
What is the remainder when 36295 is divided by 21?
7
Calculate the remainder when 229842 is divided by 28720.
82
Calculate the remainder when 14916 is divided by 2133.
2118
Calculate the remainder when 33668 is divided by 1050.
68
Calculate the remainder when 55785 is divided by 7961.
58
What is the remainder when 49352 is divided by 444?
68
Calculate the remainder when 10572 is divided by 258.
252
What is the remainder when 2980 is divided by 1?
0
Calculate the remainder when 222702 is divided by 35.
32
What is the remainder when 16093 is divided by 181?
165
What is the remainder when 11953 is divided by 3984?
1
What is the remainder when 17299 is divided by 8486?
327
Calculate the remainder when 92476 is divided by 41.
21
Calculate the remainder when 253 is divided by 76.
25
Calculate the remainder when 95860 is divided by 26.
24
What is the remainder when 193412 is divided by 100?
12
Calculate the remainder when 2130 is divided by 2127.
3
What is the remainder when 513 is divided by 32?
1
Calculate the remainder when 76311 is divided by 449.
430
What is the remainder when 19069 is divided by 367?
352
What is the remainder when 6691 is divided by 3329?
33
Calculate the remainder when 297364 is divided by 19.
14
Calculate the remainder when 9103379 is divided by 55.
54
What is the remainder when 718323 is divided by 9?
6
Calculate the remainder when 14706 is divided by 1051.
1043
What is the remainder when 58259 is divided by 26?
19
What is the remainder when 40719 is divided by 13546?
81
Calculate the remainder when 76442 is divided by 822.
818
Calculate the remainder when 4547 is divided by 108.
11
Calculate the remainder when 56872 is divided by 5.
2
What is the remainder when 947554 is divided by 39?
10
What is the remainder when 668 is divided by 93?
17
What is the remainder when 129090 is divided by 2806?
14
Calculate the remainder when 1726 is divided by 564.
34
Calculate the remainder when 13034 is divided by 693.
560
Calculate the remainder when 5265 is divided by 60.
45
Calculate the remainder when 15274 is divided by 153.
127
Calculate the remainder when 485643 is divided by 185.
18
Calculate the remainder when 350 is divided by 334.
16
Calculate the remainder when 774738 is divided by 11.
8
Calculate the remainder when 3626 is divided by 159.
128
Calculate the remainder when 221794 is divided by 440.
34
Calculate the remainder when 5880180 is divided by 1223.
1219
Calculate the remainder when 25180 is divided by 840.
820
What is the remainder when 70151 is divided by 5?
1
Calculate the remainder when 707 is divided by 244.
219
Calculate the remainder when 26592 is divided by 341.
335
Calculate the remainder when 98419 is divided by 567.
328
Calculate the remainder when 75508 is divided by 699.
16
Calculate the remainder when 57925 is divided by 9652.
13
What is the remainder when 1853 is divided by 1699?
154
What is the remainder when 16429 is divided by 114?
13
What is the remainder when 8499 is divided by 10?
9
What is the remainder when 7335 is divided by 113?
103
Calculate the remainder when 1211 is divided by 97.
47
Calculate the remainder when 2804 is divided by 214.
22
Calculate the remainder when 169644 is divided by 412.
312
Calculate the remainder when 190631 is divided by 26.
25
What is the remainder when 7391 is divided by 3310?
771
What is the remainder when 17201 is divided by 69?
20
What is the remainder when 151455 is divided by 252?
3
What is the remainder when 2917 is divided by 91?
5
What is the remainder when 1127585 is divided by 44?
41
What is the remainder when 3968 is divided by 95?
73
Calculate the remainder when 1497563 is divided by 212.
207
What is the remainder when 1356 is divided by 40?
36
Calculate the remainder when 676 is divided by 185.
121
What is the remainder when 32373 is divided by 88?
77
What is the remainder when 1962 is divided by 386?
32
Calculate the remainder when 11254 is divided by 2247.
19
What is the remainder when 189135 is divided by 3260?
55
What is the remainder when 408550 is divided by 36?
22
What is the remainder when 77717 is divided by 1217?
1046
What is the remainder when 604131 is divided by 7?
3
Calculate the remainder when 430657 is divided by 1220.
1217
Calculate the remainder when 1264 is divided by 73.
23
Calculate the remainder when 6616 is divided by 3286.
44
Calculate the remainder when 61213 is divided by 77.
75
What is the remainder when 1204993 is divided by 737?
735
Calculate the remainder when 87966 is divided by 793.
736
Calculate the remainder when 486 is divided by 69.
3
What is the remainder when 3816 is divided by 161?
113
What is the remainder when 132478 is divided by 460?
458
Calculate the remainder when 404277 is divided by 72.
69
Calculate the remainder when 428328 is divided by 927.
54
What is the remainder when 197800 is divided by 1608?
16
Calculate the remainder when 64143 is divided by 55.
13
What is the remainder when 45371 is divided by 125?
121
Calculate the remainder when 2636 is divided by 36.
8
What is the remainder when 441 is divided by 198?
45
Calculate the remainder when 290901 is divided by 4545.
21
What is the remainder when 16260 is divided by 546?
426
Calculate the remainder when 1814 is divided by 260.
254
Calculate the remainder when 203502 is divided by 28.
26
What is the remainder when 9106593 is divided by 581?
580
Calculate the remainder when 37020 is divided by 1057.
25
What is the remainder when 1374 is divided by 10?
4
What is the remainder when 3169 is divided by 126?
19
What is the remainder when 2387 is divided by 1758?
629
What is the remainder when 717 is divided by 273?
171
What is the remainder when 330753 is divided by 1110?
1083
What is the remainder when 8644 is divided by 4149?
346
Calculate the remainder when 60296 is divided by 7537.
0
What is the remainder when 665 is divided by 74?
73
What is the remainder when 5096 is divided by 2541?
14
Calculate the remainder when 140208 is divided by 149.
148
What is the remainder when 858 is divided by 58?
46
What is the remainder when 13901 is divided by 13822?
79
Calculate the remainder when 9113 is divided by 217.
216
What is the remainder when 297057 is divided by 49502?
45
Calculate the remainder when 82610 is divided by 141.
125
What is the remainder when 1479 is divided by 433?
180
Calculate the remainder when 53546 is divided by 3823.
24
Calculate the remainder when 63475 is divided by 4533.
13
Calculate the remainder when 696 is divided by 167.
28
What is the remainder when 78823 is divided by 25?
23
What is the remainder when 10711 is divided by 2137?
26
Calculate the remainder when 96951 is divided by 3127.
14
Calculate the remainder when 57344 is divided by 178.
28
Calculate the remainder when 13169 is divided by 219.
29
What is the remainder when 4460 is divided by 87?
23
Calculate the remainder when 62207 is divided by 151.
146
Calculate the remainder when 1220702 is divided by 73.
69
What is the remainder when 6556682 is divided by 47?
41
What is the remainder when 5502 is divided by 5475?
27
Calculate the remainder when 18557 is divided by 518.
427
What is the remainder when 118354 is divided by 59158?
38
Calculate the remainder when 83484 is divided by 247.
245
Calculate the remainder when 5614 is divided by 352.
334
What is the remainder when 265785 is divided by 12656?
9
What is the remainder when 1981 is divided by 667?
647
Calculate the remainder when 53205 is divided by 5307.
135
What is the remainder when 831 is divided by 241?
108
What is the remainder when 7519 is divided by 1